 Calculate n(-1).
-2
Suppose 2*c + f = -3*f - 8, 0 = 2*c - 2*f + 2. Let w = c - -5. Let t(z) = 8 - 2*z - 4*z**2 - 2 + w*z - z**3 - 1. Determine t(-4).
1
Let z be (4/6)/(15/(-90)). Let o(p) be the first derivative of p**2/2 - 2*p + 1. Determine o(z).
-6
Let h be (-10)/(-65) + (-50)/(-13) - -3. Let y(x) = x - 2. What is y(h)?
5
Suppose -3*q - 3*d = 6, 0 = -2*q - 2*d + 7*d + 31. Let k be 2 + 0 + 0/q. Suppose -4*b + 2 + 6 = 4*g, -k*b - 2 = -g. Let t(y) = y - 8. Give t(b).
-8
Let x be 8/(12/2 + -4). Let j(m) be the third derivative of -m**6/360 + m**5/24 + m**3/6 - m**2. Let v(a) be the first derivative of j(a). Give v(x).
4
Let b(p) = p**3 - 2*p**2 + p - 2. Let k = 15 - 13. Suppose -1 = g + k*x + 3, 4 = -4*g - 4*x. Calculate b(g).
0
Let i(t) = 5*t - 4. Let s(n) = -5*n + 5. Let o(p) = 4*i(p) + 3*s(p). Give o(3).
14
Suppose 2*l = -0*l. Let c(x) = -3 - 2*x + 0 + 0*x + l*x. Calculate c(-5).
7
Let p(q) = -13*q + 4*q + 5*q + 5*q - 2. Give p(-2).
-4
Let v(n) = -6*n**2 - 6*n + 7. Let t(s) = 5*s**2 + 5*s - 6. Let a(u) = 5*t(u) + 4*v(u). Determine a(-2).
0
Let a(j) = j**2 + 38 - 47 + 4*j + 2*j. Determine a(-7).
-2
Let h(l) = 2 + l**3 - 5*l**2 - 1 + 3*l - 2. Let j = 29 + -27. Let r be (-3)/j*32/(-24). Give h(r).
-7
Let u(n) = n**3 - n - 9. Let q be 0/(-1) - 3 - -3. Calculate u(q).
-9
Let k(l) = l - 9. Let a(p) = 4*p + 32. Let t be a(-7). What is k(t)?
-5
Let m(g) = 3*g - 7*g**2 + 10*g + 2 - 11. Let t be (-21)/(-3) + (-6)/(-3). Let s(j) = 2*j**2 - 3*j + 2. Let u(r) = t*s(r) + 2*m(r). Give u(1).
3
Suppose 0 = 6*q + 15*q - 21. Let g(y) = 5*y**2 - 1. What is g(q)?
4
Let f be (3/(-12))/(1/(-20)). Suppose 3*t - 3*w + 21 = 0, -f*t - w + 2*w = 19. Let u be t/(-1) - (-18)/(-3). Let h(v) = v**2 + 2*v + 1. Give h(u).
4
Let q(f) = 5*f**3 - 4*f**2 + 3*f - 10. Let i(u) be the second derivative of -u**5/20 + u**2/2 - u. Let l(a) = -6*i(a) - q(a). Give l(-5).
-6
Let z(l) be the first derivative of 1 - 3*l + 1/2*l**2. Calculate z(2).
-1
Let q(z) be the second derivative of z**3/2 - z**2 + 4*z. Calculate q(-2).
-8
Let l(f) = -f + 4. Suppose -3*y + 9 = -o - 9, 5*y + 10 = -5*o. Determine l(o).
10
Let i(b) = b**3 + b**2 + 2*b - 1. Let g be -4*4/(-56)*-7. Give i(g).
-9
Let n(k) = -k**3 - 2*k**2 - 2*k. Let v be n(-2). Let y = -2 - -6. Let l(m) = -5*m**3 + y*m**2 + 0*m**2 - 5 + 4*m**3. Give l(v).
-5
Let b = 1 - -2. Let d(x) = 2*x + 3. Calculate d(b).
9
Let w = -5 + 11. Let n(s) = s**3 - 6*s**2 + 8. Determine n(w).
8
Let l(n) be the first derivative of n**2/2 - n - 3. Suppose -5*z - 2*f + f = 0, -z - 3*f = 0. Let r be z - (-8)/(-2) - -2. Determine l(r).
-3
Let h(f) = f**2 + 10*f + 10 - 4*f**2 + 4*f**2. Give h(-8).
-6
Let z(d) be the first derivative of -d**2 + 8*d - 2. What is z(6)?
-4
Let o(i) = i - 6. Suppose -3*n + 0*n - 6 = 0. Let q be 0/((-2)/((-2)/n)). Suppose 8*p - 4*p = q. What is o(p)?
-6
Let y(m) be the third derivative of m**4/24 + m**3/3 - 4*m**2. Suppose 10 = -2*k, w - 3*k + 6*k + 20 = 0. What is y(w)?
-3
Suppose 5 + 1 = w. Let j(q) = -q**3 + 4*q**2 - 8*q + 4. Let h(t) = -3*t**3 + 12*t**2 - 23*t + 11. Let k(f) = w*h(f) - 17*j(f). Give k(2).
2
Let r(d) be the second derivative of -1/6*d**3 - 3*d + 0 + 0*d**2. Give r(0).
0
Let q(j) = -j - 2. Let b = 7 - 4. Let s be ((-3)/3)/(b/6). Let f = -1 + s. Determine q(f).
1
Let a be 4/(-24) + 2/12. Let n(d) = d**2 + a*d + d + d**2 - 1. Determine n(1).
2
Let m(b) = b + 1. Let f be m(-4). Let q(j) = 2*j + 7. Let n(d) = d + 4. Let u(a) = f*q(a) + 5*n(a). Determine u(0).
-1
Let b(p) be the second derivative of 0*p**3 - 1/60*p**5 - 1/4*p**4 - p**2 + 0 - 2*p. Let q(s) be the first derivative of b(s). What is q(-4)?
8
Let c be (-1)/1*(11 + -11). Let p(d) = 15*d**2 - 15*d + 23. Let j(w) = -2 - 7*w - 2 + 15 + 7*w**2. Let v(u) = -13*j(u) + 6*p(u). What is v(c)?
-5
Let c(z) be the third derivative of -z**4/24 + z**3/2 + 4*z**2. Determine c(2).
1
Let y(h) = 3*h**3 - 5*h**3 - 54*h**2 + 53*h**2 + h**3. What is y(-2)?
4
Let v(t) = t. Let m(x) be the first derivative of -x**4/4 + 5*x**3/3 - 3*x**2/2 - 4*x - 4. Let a be m(4). Calculate v(a).
0
Let s(r) be the third derivative of -r**5/15 - r**4/24 - r**2. Let f = 7 + -8. Give s(f).
-3
Let r(b) = -b**2 + 7*b. Let t be r(6). Let s(f) = -11 + 1 - 1 + f. Determine s(t).
-5
Suppose 3*s - k = -25, -4*k + 1 = -3*k. Let o(a) = a**3 + 7*a**2 - 6*a + 10. Calculate o(s).
-6
Let c(i) = -i**3 + 2*i**2 + 3*i - 4. Let f(p) = p**2 - 17*p + 3. Let o be f(17). Determine c(o).
-4
Let m(b) be the second derivative of -1/6*b**3 + 0 + 6*b - 1/2*b**2. Give m(-5).
4
Let j = 4 - -5. Suppose -18 = -y - 4*n, -2*n - 1 = -j. Let m(p) = -p**y + 0*p - 3 + 2 + 4*p. Determine m(4).
-1
Suppose -4*b + b + 6 = 0. Let l(n) be the second derivative of 5/12*n**4 + 1/20*n**5 + 3*n + 0 + n**3 + 3*n**b. Calculate l(-4).
-2
Let t(d) = d**3 - 3*d - 1. Let m(n) = 5*n**3 + n**2 - 16*n - 6. Let p(h) = -2*m(h) + 11*t(h). Suppose -25*o = -26*o + 1. Determine p(o).
-1
Let j(g) = -g**2 - 7*g - 3. Let l = -20 + 22. Suppose -4*i = -h + 25, 7*i + 2*h = l*i - 28. What is j(i)?
3
Let v(x) = x**2 - 8*x + 5. Let n be v(8). Let h(c) = -2 + 9*c**2 + 2*c - 8*c**2 - n*c + c**3. Determine h(-2).
0
Let m = -59 - -59. Let y(o) = o**2 + 1. Determine y(m).
1
Let p(j) = j**3 + j**2 + 2*j + 2. Let k(z) = z**2 - 2*z. Suppose 5*i - 5 = 5. Let n be k(i). Suppose -4*b - 2*r = -0*b + 12, n = -2*r - 4. Calculate p(b).
-6
Let l(r) = r**2 + 6*r - 9. Let u be l(-6). Let q = u + 12. Let a(c) = -33*c + 12. Let m(g) = 8*g - 3. Let d(j) = 5*a(j) + 21*m(j). Calculate d(q).
6
Let u = -10 + 6. Let z be (-34)/u*6/3. Suppose -4*g + z = 1. Let n(o) = -o**2 + 4*o - 6. Give n(g).
-6
Let l(g) be the second derivative of -g**6/360 - g**5/120 - 3*g**4/8 - g**3/6 - 2*g. Let s(z) be the second derivative of l(z). Determine s(0).
-9
Let h(x) = 4*x**2 + 11*x - 10. Let q(f) = -f**2 - f. Let c(o) = h(o) + 5*q(o). Calculate c(4).
-2
Let q(y) = 2*y**2 - 1. Suppose -2*h = -h + 2. Determine q(h).
7
Let q(l) = l**2 + 2*l. Let s be q(-2). Let o(b) = -b**3 - b**2 - 6. Calculate o(s).
-6
Let f = -4 - -8. Let c be 7/1 - (-3 - -5). Let s(d) = -3*d**2 + 6*d + d**2 + d**2 - c. What is s(f)?
3
Let j(w) = -2*w + 1. Suppose -1 = f, -3*f - 8 = -0*h - h. Give j(h).
-9
Let t(w) be the first derivative of w**2 - 6*w + 28. Let d(y) = 2*y**2 - 3*y + 3. Let o be d(2). Determine t(o).
4
Let u be ((-4)/16)/(1/4). Let k(d) be the first derivative of -5*d**2 + d + 1. Give k(u).
11
Let d(m) = -m**3 - 3*m**2 - m - 2. Let o be d(-3). Let w = -11 + 6. Let z(u) = 1. Let x(g) = -g - 1. Let q(v) = o*x(v) + w*z(v). Give q(-5).
-1
Let c(s) = -s**2 + 2*s. Let b(j) = 3*j**2 - 5*j + 1. Let w(o) = -4*b(o) - 11*c(o). Give w(-4).
-12
Let m(n) = -n - 1. Let b be m(-7). Suppose 0 = 3*h - b*h + 39. Suppose -8*x + h*x = -10. Let q(a) = a**3 + 4*a**2 - a + 1. What is q(x)?
11
Let v(l) = -1 - 6 + 33*l - 31*l. What is v(5)?
3
Let i(b) be the third derivative of b**6/120 + b**5/10 + b**4/8 - b**3 + 20*b**2. Let c(y) = 5*y. Let o be c(-1). Determine i(o).
4
Let g(z) be the third derivative of z**4/12 + z**3/6 - 3*z**2 + 10*z. Determine g(2).
5
Let f(y) = -y**3 - 5*y**2 - y - 4. Let v be 2 + -4 - (5 + -2). What is f(v)?
1
Let t(c) = 5*c**3 + c**2 + c + 1. Let r be t(-1). Let l be r/(-6) - 114/(-18). Let q(j) = -l + 3*j + 3*j - 3*j. What is q(5)?
8
Let j(o) = -o**3 + 2*o**2 + 4*o + 4. Let u be 8/1*7/14. Suppose 30 = u*g - 2. Suppose 5*v = -4*l + v + g, 2*v = -5*l + 16. What is j(l)?
-12
Let r(x) = -10 + 2 + 1 + 6 + x**2 - x. What is r(2)?
1
Let l(j) be the second derivative of -j**5/120 + 7*j**4/24 + j**3 + 5*j. Let i(m) be the second derivative of l(m). Determine i(-5).
12
Let i(h) = -h + 1. Let y(b) = -9*b + 6. Let u(x) = -6*i(x) + y(x). Let c = -6 - -8. Give u(c).
-6
Let u(g) = -2*g + 5. Suppose -3*k = -0*k - 30. Suppose k + 2 = 2*s. Calculate u(s).
-7
Let u = 3 + -1. Let f(k) = 0*k**2 - k**2 + 3*k - 9 - u*k + 7*k. Determine f(6).
3
Let h(u) = u**3 - 7*u**2 - 8*u + 5. Let i be h(8). Let b(w) = -5*w + 10. Let s(c) = 2*c - 5. Let z(n) = -3*b(n) - 7*s(n). Determine z(i).
10
Let f(p) = 6*p**2 + p + 1. Let g(h) = h + h**2 + 10*h**3 + h**2 - 3*h**2. Let x be g(1). Let w be ((-4)/(-6))/(x/(-15)). Give f(w).
6
Let x(f) be the second derivative of 1/6*f**3 + 1/6*f**4 - 1/2*f**2 + 6*f + 0. Let a be (2 - 1)*(0 + -2). Calculate x(a).
5
Let c(q) = 12*